{"id":3381,"date":"2020-05-15T09:39:16","date_gmt":"2020-05-15T08:39:16","guid":{"rendered":"http:\/\/kiga.news\/?page_id=3381"},"modified":"2020-05-15T09:39:46","modified_gmt":"2020-05-15T08:39:46","slug":"impressum","status":"publish","type":"page","link":"https:\/\/kiga.news\/?page_id=3381","title":{"rendered":"Impressum"},"content":{"rendered":"<p>[vc_row css=&#8220;.vc_custom_1589529544967{background-color: #ffffff !important;}&#8220;][vc_column][vc_column_text]<\/p>\n<h1>Impressum<\/h1>\n<div class=\"text\">\n<p>Tr\u00e4ger:<br \/>\nKath. Kirchengemeinde St. M\u00e4rgen-St. Peter Pfarrei Mari\u00e4 Himmelfahrt<br \/>\nKlosterhof 1<br \/>\n79274 St. M\u00e4rgen<br \/>\nTel. 07669\/9103-30<br \/>\nFax 07669\/9103-31<br \/>\nE-Mail\u00a0<a href=\"mailto:pfarramt.stm@klosterdoerfer.de\">pfarramt.stm@klosterdoerfer.de<\/a><\/p>\n<\/div>\n<h2>(1) Haftungsbeschr\u00e4nkung<\/h2>\n<div class=\"text\"><strong>Inhalte dieser Website<\/strong><\/div>\n<div class=\"text\">Die Inhalte dieser Website werden mit gr\u00f6\u00dftm\u00f6glicher Sorgfalt erstellt. Der Anbieter \u00fcbernimmt jedoch keine Gew\u00e4hr f\u00fcr die Richtigkeit, Vollst\u00e4ndigkeit und Aktualit\u00e4t der bereitgestellten Inhalte.<\/div>\n<div class=\"text\"><\/div>\n<div class=\"text\"><strong>Externe Links<\/strong><\/div>\n<div class=\"text\">Diese Website enth\u00e4lt Verkn\u00fcpfungen zu Websites Dritter (&#8222;externe Links&#8220;). Diese Websites unterliegen der Haftung der jeweiligen Betreiber. Das Setzen von externen Links bedeutet nicht, dass sich der Anbieter die hinter dem Verweis oder Link liegenden Inhalte zu Eigen macht. Eine st\u00e4ndige Kontrolle dieser externen Links ist f\u00fcr den Anbieter ohne konkrete Hinweise auf Rechtsverst\u00f6\u00dfe nicht zumutbar. Bei Kenntnis von Rechtsverst\u00f6\u00dfen werden jedoch derartige externe Links unverz\u00fcglich gel\u00f6scht.<\/div>\n<div class=\"text\"><\/div>\n<h2>(2) Urheberrecht<\/h2>\n<div class=\"text\">Die auf dieser Website ver\u00f6ffentlichten Inhalte und Werke sind urheberrechtlich gesch\u00fctzt. Jede vom deutschen Urheberrecht nicht zugelassene Verwertung bedarf der vorherigen schriftlichen Zustimmung des jeweiligen Autors oder Urhebers. Dies gilt insbesondere f\u00fcr Vervielf\u00e4ltigung, Bearbeitung, \u00dcbersetzung, Einspeicherung, Verarbeitung bzw. Wiedergabe von Inhalten in Datenbanken oder anderen elektronischen Medien und Systemen. Inhalte und Beitr\u00e4ge Dritter sind dabei als solche gekennzeichnet. Die unerlaubte Vervielf\u00e4ltigung oder Weitergabe einzelner Inhalte oder kompletter Seiten ist nicht gestattet und strafbar. Lediglich die Herstellung von Kopien und Downloads f\u00fcr den pers\u00f6nlichen, privaten und nicht kommerziellen Gebrauch ist erlaubt.<\/div>\n<div class=\"text\">Links zur Website des Anbieters sind jederzeit willkommen und bed\u00fcrfen keiner Zustimmung durch den Anbieter der Website. Die Darstellung dieser Website in fremden Frames ist nur mit Erlaubnis zul\u00e4ssig.<\/div>\n<h2>(3) Anwendbares Recht<\/h2>\n<div class=\"text\">Es gilt ausschlie\u00dflich das ma\u00dfgebliche Recht der Bundesrepublik Deutschland.<\/div>\n<div class=\"text\"><\/div>\n<p>[\/vc_column_text][\/vc_column][\/vc_row]<\/p>\n","protected":false},"excerpt":{"rendered":"<p>[vc_row css=&#8220;.vc_custom_1589529544967{background-color: #ffffff !important;}&#8220;][vc_column][vc_column_text] Impressum Tr\u00e4ger: Kath. Kirchengemeinde St. M\u00e4rgen-St. Peter Pfarrei Mari\u00e4 Himmelfahrt Klosterhof 1 79274 St. M\u00e4rgen Tel. 07669\/9103-30 Fax 07669\/9103-31 E-Mail\u00a0pfarramt.stm@klosterdoerfer.de (1) Haftungsbeschr\u00e4nkung Inhalte dieser Website Die Inhalte dieser Website werden mit gr\u00f6\u00dftm\u00f6glicher Sorgfalt erstellt. Der Anbieter \u00fcbernimmt jedoch keine Gew\u00e4hr f\u00fcr die Richtigkeit, Vollst\u00e4ndigkeit und Aktualit\u00e4t der bereitgestellten Inhalte. Externe Links [&hellip;]<\/p>\n","protected":false},"author":1,"featured_media":0,"parent":0,"menu_order":0,"comment_status":"closed","ping_status":"closed","template":"","meta":[],"_links":{"self":[{"href":"https:\/\/kiga.news\/index.php?rest_route=\/wp\/v2\/pages\/3381"}],"collection":[{"href":"https:\/\/kiga.news\/index.php?rest_route=\/wp\/v2\/pages"}],"about":[{"href":"https:\/\/kiga.news\/index.php?rest_route=\/wp\/v2\/types\/page"}],"author":[{"embeddable":true,"href":"https:\/\/kiga.news\/index.php?rest_route=\/wp\/v2\/users\/1"}],"replies":[{"embeddable":true,"href":"https:\/\/kiga.news\/index.php?rest_route=%2Fwp%2Fv2%2Fcomments&post=3381"}],"version-history":[{"count":4,"href":"https:\/\/kiga.news\/index.php?rest_route=\/wp\/v2\/pages\/3381\/revisions"}],"predecessor-version":[{"id":3385,"href":"https:\/\/kiga.news\/index.php?rest_route=\/wp\/v2\/pages\/3381\/revisions\/3385"}],"wp:attachment":[{"href":"https:\/\/kiga.news\/index.php?rest_route=%2Fwp%2Fv2%2Fmedia&parent=3381"}],"curies":[{"name":"wp","href":"https:\/\/api.w.org\/{rel}","templated":true}]}}